 3 + (2 - 5) - 4.
2
What is -32 + 30 + (0 - 14) - -6?
-10
Evaluate 3 + -2 + 4 + -1.
4
(3 + -7 - -5) + 0 + 3
4
What is the value of -18 + 18 - (-1 + 3 + 0)?
-2
Evaluate (3 - (-3 + (-5 - -11))) + 1.
1
Calculate -4 - (-2 - (4 + -4 + 1)).
-1
Evaluate 3 + (8 - (13 + -6)) + -6.
-2
Evaluate -6 - (0 + -3 + (1 - 1)).
-3
What is the value of (-1 + 6 - (-2 + 12)) + -1?
-6
What is the value of -61 + 56 + 2 + 0?
-3
Evaluate 3 + -5 - (7 - 12).
3
What is the value of -3 - 5 - -6 - 4?
-6
-8 + (7 - (8 + -9))
0
What is -2 + -2 + 4 + 3 - 3?
0
Evaluate (12 - (-3 + 7 + 1)) + -1.
6
What is -11 - (-2 + (-6 - -4) + -1)?
-6
Calculate 9 - (-13 - -28) - -5.
-1
-1 - ((0 - 6) + 1 + 3)
1
Calculate 5 - (1 + -1 + 0).
5
-5 - (-6 - (-8 + 7 + -4))
-4
(-1 - (-2 + 4)) + -1
-4
Calculate (-21 - -16 - (1 - -3)) + 4.
-5
What is -3 - (1 + (-1 - -3 - 4))?
-2
Evaluate (6 - 0) + (-9 - -3) - 6.
-6
Evaluate -5 - (0 + -2) - -2.
-1
4 - (2 + (9 + -5 - 8))
6
Evaluate 10 + -11 + -15 + 7.
-9
What is the value of 4 + (4 + -13 - -5) - 4?
-4
What is the value of 4 + -1 + 1 + (0 - 2)?
2
Calculate -5 + 1 + (1 - 2) + 1.
-4
1 + 3 + -11 + (-5 - -13)
1
-5 - (1 + -3 + 2)
-5
What is 11 + -3 + -6 + -8?
-6
What is the value of 7 + (7 + -7 - 1)?
6
What is the value of -17 + 14 + (0 - 2 - -6)?
1
-5 - (-3 - (-1 + 1))
-2
4 - 6 - (5 - 2) - -4
-1
What is -2 + -3 + 2 + -2?
-5
Calculate -7 - (12 - 5) - -10.
-4
What is -6 + (3 + 1 - 3)?
-5
Calculate (1 - (2 - 0)) + -3.
-4
What is -1 - -5 - (-40 - -45)?
-1
Evaluate 0 - ((2 - -3) + -4).
-1
What is the value of (4 - 4 - 3) + 5?
2
Calculate -2 + 0 - (4 + -7).
1
What is 3 + 0 + -8 + (0 - 0)?
-5
-1 - (4 + -5 + -1 + -1)
2
What is the value of 2 + -6 + 0 - -1 - -8?
5
What is 0 - ((0 - -5) + -7 - 2)?
4
Evaluate 1 - -1 - (-22 - -4 - -19).
1
What is -2 + (1 - (1 - 5))?
3
What is 1 + -3 + 5 + -2 + -2?
-1
(-3 + 5 - -3 - -6) + -7
4
Evaluate -1 + (9 - (6 + 1)).
1
-1 - (-4 + 5 + -3) - 0
1
Calculate 0 + 0 + 0 + 0.
0
What is -4 + 7 - (0 + -6 - -3)?
6
What is the value of -3 - -4 - (1 - (3 - 7))?
-4
What is -1 - (4 - 7 - 0) - 2?
0
-4 + (-7 - (8 - 15)) + -6
-10
Evaluate 4 - (10 - ((5 - 0) + -2)).
-3
2 + (7 - (4 - (6 + -6)))
5
Calculate 7 + -14 + (-1 - -5).
-3
What is (-11 - 0) + (-5 - -10)?
-6
What is the value of (-4 - 7) + 3 + -5 + 4?
-9
What is (-10 - -17) + -3 + -1 + -7?
-4
What is the value of 8 + -11 + 23 + -27?
-7
What is the value of (-2 - -2) + 2 + (3 - 5)?
0
What is (0 - (-4 - 0)) + (-2 - -1)?
3
What is the value of (82 - 97) + (12 - 0)?
-3
What is (1 - -4 - 3) + -5 - 3?
-6
What is 15 - 17 - (-2 + -1)?
1
What is 0 - (3 - (8 - 4 - 2))?
-1
What is the value of 8 - (5 + -4) - (23 - 19)?
3
What is the value of (-3 - -5) + 5 + -2?
5
3 + (-10 - -3) + (0 - 1)
-5
3 - (-7 + 3 - -6)
1
What is 5 - (3 + 0) - (0 + -1)?
3
What is the value of -6 - 1 - -6 - -3?
2
-1 + (-6 - -20) + -9
4
Calculate 1 + -1 + 20 + -12.
8
What is 0 - (5 - (-3 - -4))?
-4
2 + (-5 - 4) + 5 + 5
3
Evaluate (6 - 5) + -4 + 0.
-3
-3 - 0 - -1 - -2
0
Evaluate 0 - 0 - (-2 + (-1 - -2)).
1
Calculate -5 + 1 - (3 + -3).
-4
Evaluate -2 + (-5 + 12 - 1).
4
(-14 - (2 - 10)) + 10
4
What is -2 + (-1 - (-5 - -7))?
-5
Calculate -10 + (5 - (7 - 6)).
-6
(-3 + 3 - -2) + 0
2
Calculate (4 + (-9 - -1) - -3) + 5.
4
Evaluate -3 + -4 + (11 - 4).
0
What is 7 + 4 + -6 - 4?
1
Calculate -4 + 6 - (0 - -1).
1
Evaluate -4 + (-4 - -6) - (1 - 1).
-2
Calculate -21 + 19 - (1 - (-1 + 2)).
-2
Evaluate -3 + (-3 - -5) + -4.
-5
Calculate (-4 + (1 - -5) - 0) + 2.
4
-2 + 0 + (4 - -1 - 4)
-1
14 - (10 - 4) - (8 - 3)
3
What is the value of 3 + -8 + 1 + -5 + 7?
-2
Calculate (-6 + 2 - -14) + -7.
3
0 - (-3 + 0 + 8 + -1)
-4
What is the value of -6 - (-6 - -10 - 10)?
0
-2 + -2 - 3 - (-6 + 1)
-2
1 - -2 - ((-3 - 3) + 7)
2
Evaluate 8 - (8 - (12 + -5)).
7
Evaluate (-18 + 3 - -3) + (-2 - -8).
-6
What is the value of 0 + 6 + -3 + -9 + 8?
2
What is the value of -6 + 1 - 0 - (-8 + 4)?
-1
Calculate 8 - (8 + (-1 - 2)).
3
What is -10 - -3 - -12 - (-1 + 7)?
-1
What is the value of 1 - (3 - 0) - -2 - 1?
-1
What is the value of (2 - -1) + -2 + -4 + 2?
-1
Evaluate 4 + -1 + 3 + -3.
3
What is (-3 - 2) + 3 + -11 + 6?
-7
1 - (-6 - -3) - 2 - -4
6
Calculate 2 + 3 + (-2 + 8 - 6).
5
Calculate (-3 - 8) + 13 + -4.
-2
Evaluate (-2 - 1) + (22 - 16).
3
Calculate 0 - (0 + 0) - (-139 - -135).
4
What is (-3 - 1) + 3 - 1?
-2
2 + -5 + 2 + 0 + 6
5
Evaluate (-6 + -1 - -1) + 5.
-1
Evaluate (7 + (5 - -1) - 2) + -2.
9
(2 - -2 - 10) + 4
-2
-1 + -1 + (-62 - -66)
2
5 + (5 - 19) + -4 + 10
-3
(3 - 0) + 81 + -81
3
2 - (-2 - (-8 - -5))
1
Calculate 1 - -2 - ((-9 - -7) + -4).
9
0 + 1 + 1 + 7 + -11
-2
What is 0 + 8 - ((19 - -1) + -15)?
3
Evaluate (-5 - -1 - (-3 + -3)) + 8.
10
What is -10 + 6 + -2 - -6 - 2?
-2
7 - (0 - (-7 + 4))
4
What is -3 + (-6 + 8 - -9) + -8?
0
Evaluate 0 + (1 - (-4 + 2) - 5).
-2
Calculate 4 + -1 - (4 + 0 - 6).
5
What is the value of -2 + (5 - 3) + 3?
3
What is the value of -3 - (-2 - 2) - (1 + 1)?
-1
What is 3 - (-1 + -2) - 6?
0
-6 + -3 + 8 + 0
-1
What is the value of (27 - 28) + (-1 - (1 - -1))?
-4
Evaluate -1 + (-1 - 0) - (-80 - -73).
5
-9 + -5 + 6 + 3
-5
What is the value of (-3 - -5 - (16 + -13)) + 7?
6
Evaluate (2 - -4 - 0 - 7) + -7.
-8
Calculate 1 + -2 + -2 + 5.
2
Calculate -4 + 1 + 2 + -2 + 3.
0
Evaluate (9 - 7) + -1 + -3 + 3.
1
What is -3 - (-7 - (-16 + 8))?
-4
What is 4 + -7 + 0 + 4?
1
-45 + 39 - (-5 - -1)
-2
9 + -15 - (2 - 13)
5
Calculate -5 + 4 + (5 - -1).
5
What is the value of 2 - (0 + 6 + -7 - -4)?
-1
What is 0 + 1 + -5 + -1 + 3?
-2
Calculate -88 + 77 + 15 + -1.
3
-20 + 14 + -1 + 1 + 1
-5
Calculate 2 - (0 - 2) - 4.
0
Evaluate (10 - 12) + (-4 - -4).
-2
5 + -8 + 4 - (1 - -5)
-5
What is -6 - (-4 - 3 - -3) - -1?
-1
What is the value of 5 + -5 - -4 - (-2 + 5)?
1
What is the value of 6 + -3 + (-9 - -3)?
-3
Calculate -8 + (-33 + 54 - (0 - -8)).
5
What is the value of 1 + -4 + 0 + 0?
-3
Calculate 2 + 1 - (8 - (-1 + 1)).
-5
What is 7 + -2 + (-3 - (0 + -2))?
4
Calculate 1 + 4 + 0 + -3 - 0.
2
What is the value of 73 - 75 - (-1 - -1 - -1)?
-3
Calculate 6 + -1 + -6 + -48 + 45.
-4
Evaluate -3 + (-9 - -9) + 0.
-3
What is -3 + 8 - (3 + -2)?
4
What is -3 - -7 - (1 - 0)?
3
What is 3 + -1 + 2 + 7 + -9?
2
Evaluate -2 - (3 - (1 - -4)) - 3.
-3
What is -4 - 0 - (-4 - (6 + -1))?
5
What is -5 - (6 + -11 - -3)?
-3
What is -5 + 15 + -16 + 2 + 0?
-4
Calculate 9 + (-8 - 2 - 0).
-1
What is (13 + -13 - 1) + 1?
0
What is 2 + -4 + 4 - 10 - -1?
-7
Evaluate 1 + 1 + 3 + -1 + -5.
-1
-8 + (4 - (5 - 6))
-3
Calculate (-12 + 4 - 1) + 8.
-1
What is 1 + (0 - (-2 - 1) - 1)?
3
-3 + -3 + 7 + -1
0
What is -8 + -2 + -4 + 10?
-4
Evaluate 3 + -2 + 3 + -15 + 9.
-2
What is (-14 - -12 - 3) + 9?
4
-7 - (3 + -6 + 5 - 3)
-6
What is 0 + -5 - (-4 + (1 - -2))?
-4
Calculate -1 - -4 - ((1 - -5) + -5).
2
Evaluate -1 + 2 + -4 + 4.
1
Evaluate -4 - (0 + -4 - (-13 + 7)).
-6
Calculate 2 - (1 + -2 - -2) - 5.
-4
Evaluate 4 + -5 - (7 + -3).
-5
What is the value of (26 - 14) + -3 + -12?
-3
Calculate 2 + (4 - 0) - (7 - 10).
9
Calculate 5 - (0 + 2 + 1).
2
-7 + -3 + 5 - -2 - -6
3
Evaluate -1 - (-12 + 25 + -11).
-3
Calculate 4 - 1 - (16 + -2 - 6).
-5
Evaluate 5 + -2 + -4 - 1.
-2
Calculate 4 - (3 + -3) - (15 + -14).
3
Evaluate 2 + -2 + -19 + 16.
-3
Calculate -14 + 5 + 1 + 15 + -1.
6
What is 1 + (0 - -5 - (-7 + 11))?
2
3 + 2 - (4 - -5) - -1
-3
What is the value of -1 - (-2 - (-3 + -1 + 4))?
1
What is the value of -4 - -2 - -1 - (-10 - -14)?
-5
What is the value of 1 - (-1 + -2 - 0)?
4
122 - 111 - (0 - -8)
3
Evaluate 0 + 1 + 0 + (36 - 32).
5
-9 + -6 + -2 + 7 + 2
-8
What is the value of 2 + (-1 - (1 + -9 + 3))?
6
What is the value of 0 + -3 + (-3 - -1 - -4)?
-1
Calculate -2 + -1 - ((-5 - 1) + 6).
-3
Calculate -8 + 0 + 2 + 7.
1
Calculate 11 + 2 + 75 + -81.
7
What is 3 + -8 + 3 - (-8 + 1)?
5
What is 3 + -13 - -4 - -10?
4
Calculate 2 - (1 - 1 - -3).
-1
Evaluate -2 - (2 - (-1 + 9)).
4
What is (-2 - 2) + (2 - (1 + -2))?
-1
Evaluate (0 - (-2 - -4)) + (6 - 2).
2
What is 4 + (-1 - -1) + -9 + 9?
4
Calculate 13 - 17 - (-2 - -1).
-3
What is 4 + -1 + -5 - 2 - -4?
0
Calculate (0 - 1) + (1 - -12 - 9).
3
What is (1 - (2 - (2 - 1))) + -2?
-2
Calculate (0 - 0 - (1 - -1)) + 2.
0
What is the value of 7 + -1 - (25 - 26)?
7
Calculate 1 + (-4 - (4 - 6)) + 6.
5
1 + (-3 + 0 - (-4 + -2))
4
(0 - 0) + -2 + (10 - 6)
2
What is the value of 12 + -8 + -7 - (2 + 1)?
-6
Calculate -3 + -1 